ided by y?
62
Let j = 119 - 76. Calculate the remainder when 5/(-2 + (-132)/(-99) + (-518)/(-732)) is divided by j.
36
Let d = 40 - 121. Let g = -84 - d. Let b = 18 - g. What is the remainder when 59 is divided by b?
17
Let c be (-6475)/(-15) - (-28)/12. Let p = c - 182. What is the remainder when p is divided by 51?
48
Let q(r) = -r**2 + 10*r + 17. What is the remainder when q(10) is divided by 7*(4/(-2))/(-2)?
3
Let c = 92 + -79. Suppose 161 + 2009 = 10*o. Calculate the remainder when o is divided by c.
9
Suppose -2*t - 1971 = -3*v, v - 13*t - 657 = -12*t. What is the remainder when v is divided by 40?
17
What is the remainder when 771 is divided by (-16 + -82)/7*(-6)/2?
15
What is the remainder when (6/33)/(496/(-88) - -6)*8986 is divided by 42?
41
Let b(r) = r**2 + 2*r + 3. Let q be b(-2). Calculate the remainder when (-1)/((-9)/(-6)*8/(-276)) is divided by 3 + (1 + 7 - q).
7
Suppose 0 = -254*r + 7934185 + 6789941. Calculate the remainder when r is divided by 10.
9
Suppose 0 = -c + 4*j + 236, -c = -59*j + 62*j - 250. What is the remainder when c is divided by 9?
1
Let y be 0 - (140/(-2) + 4). Suppose -2*v + y + 176 = 0. Let o = -84 + v. Calculate the remainder when o is divided by 20.
17
Suppose -z + 4*z - 21 = 3*g, 3*z - 7 = -4*g. Suppose z - 29 = -2*t. What is the remainder when (-3)/8 + ((-24885)/(-120) - -8) is divided by t?
11
Suppose -2*p = 2*p - p. Suppose p = -30*z + 32*z - 96. What is the remainder when 59 is divided by z?
11
Let w be 4*(-73)/(-10) + (-3)/15. Suppose 5*q = w + 41. What is the remainder when 10 is divided by ((-14)/(-3))/(q/21)?
3
Let j(g) = 124*g - 5. Let m = 25403 + -25359. Calculate the remainder when j(5) is divided by m.
43
Let j = 325 + -203. Let z(f) = f**3 + 77*f**2 - 429*f - 1533. What is the remainder when j is divided by z(-82)?
22
Suppose 0 = r + 46*t - 47*t - 263, -821 = -3*r - 5*t. What is the remainder when r is divided by 30?
27
Let m = 23 + -29. Calculate the remainder when 12*(3/9 + 1) is divided by m/5*30/(-9) - -3.
2
Calculate the remainder when 164/5*(15 + 75/(-6)) is divided by 50.
32
Suppose 3100 = 2*m - 0*b - b, 2*b = -5*m + 7732. What is the remainder when m is divided by 773?
2
Let n(o) = -5*o - 4. Let d(s) = -s + 21. Let m be d(9). Suppose -z - 5*t + m = 0, 5 = z + 4*t - 8. What is the remainder when n(-7) is divided by z?
14
Suppose -697 = -4*g + 5*d, 0 = -2*g + 22*d - 21*d + 353. Let z = g + -136. What is the remainder when z is divided by 25?
17
Suppose s - 14 = -222*n + 220*n, 0 = 3*n + 24. Calculate the remainder when 4257 is divided by s.
27
Suppose 0 = -s - 0*s. Let j be 2/17 + 96078/51 + s. Calculate the remainder when (-2)/(-16) + j/32 is divided by 10.
9
Suppose -81 = 25*l - 34*l. Suppose l*j - 80 = -j. What is the remainder when 27 is divided by j?
3
Calculate the remainder when 1373 is divided by ((-7)/3 + 2)/(20/(-82020)).
6
Suppose -u - o + 2 = 0, -3*o = 5*u - 4*o - 22. Let p(q) = q**2 + 8*q - 6. Let m be p(-5). What is the remainder when 159/9 - 7/m is divided by u?
2
Let l = -310 - -456. Let b be ((-58)/3)/(-5 - l/(-30)). Suppose -7*j = -2*j - b. What is the remainder when j is divided by 15?
14
Suppose 16*w - 6711 - 73 = 0. Suppose -3*t - 5*t = -w. Calculate the remainder when t is divided by 17 + (-1 - 8)/3.
11
Let b(p) = 11*p + 20. Let r(w) = -23*w - 41. Let i(v) = -5*b(v) - 3*r(v). Calculate the remainder when i(18) is divided by 23.
22
Suppose 0 = -57*v + 4438 - 1160 + 826. Calculate the remainder when v is divided by 48.
24
Let h(s) = -105*s + 780. What is the remainder when h(7) is divided by 12?
9
Let i(t) = 2*t - 6. Let n be ((-27)/(-5) - 6/15)*11. What is the remainder when 1*n*114/285 is divided by i(6)?
4
Suppose 3*t + 20 = 5*t. Suppose -103 = 12*z + 233. Let r(i) = -6*i - 145. What is the remainder when r(z) is divided by t?
3
Let b = -7938 - -8714. Calculate the remainder when b is divided by 209.
149
Let a(y) = 16*y**2 - 22*y - 28. What is the remainder when 400 is divided by a(-2)?
0
Suppose j + 5*v = 4, -j + 2*v - v = -4. Calculate the remainder when 86 is divided by j + 572/65 + (-1)/(-5).
8
Let y(v) = 2*v - 36. Let n be y(-27). Calculate the remainder when ((-30)/n)/((-1)/(-90)) is divided by 8.
6
Suppose 5*m = 4*h - 227 + 1337, 0 = 3*m - h - 673. Suppose 2*q = -5*p + 198 + m, -p - 4*q = -74. Calculate the remainder when 251 is divided by p.
79
Suppose 8 = 4*h - 0. Suppose 3*q + 5 = h*q, -g = -2*q + 239. What is the remainder when g/(-4) + 6/8 is divided by 32?
31
Let g(f) = -29*f - 120. What is the remainder when g(-19) is divided by 5 + (-2)/(6/(-129))?
47
Let l(p) = -p**3 + p**2 - 2*p + 1. Let v(b) = -b**3 + 9*b**2 - b - 17. Let d(u) = 2*l(u) - v(u). Calculate the remainder when d(-8) is divided by 11.
8
Suppose -63 = -32*y + 1537. Suppose 5*l + 208 = 38. Let o = 47 + l. What is the remainder when y is divided by o?
11
Calculate the remainder when 202 is divided by -6 + (-520)/(-60) + 466/3.
44
Let f(g) = 39*g + 842. Suppose -2*m = 2*m + 2*j - 40, -m + 2*j + 10 = 0. What is the remainder when f(-14) is divided by m?
6
Let c be (1 + 6/(-4))/((-123)/12054). Suppose -7*r + 1477 = c. Calculate the remainder when r is divided by 70.
64
Suppose 5*x - 26874 = 4*j, 3*j + 1149 + 4228 = x. What is the remainder when x is divided by 45?
19
Suppose -h + 35 = n, -2*h + 93 = 3*n - 5*h. What is the remainder when (-2)/19 - (1557504/494)/(-8) is divided by n?
31
Suppose -13 - 7 = -5*c. Let n be (-4 + c + 0)/3. Let v = n - -93. Calculate the remainder when v is divided by 16.
13
Suppose -4*w + 22 = l, 6*w - 9*w + 2*l = 0. What is the remainder when 286 is divided by w?
2
Suppose n - 45 + 14 = 0. Let j be 12/(0 + 4) + 17. Suppose n*u - j = 29*u. Calculate the remainder when 17 is divided by u.
7
Suppose 2*v + 20 = 6*v. Suppose v*o - 16 = o. Calculate the remainder when 40 - 13 - (24 - 5) is divided by o.
0
Let x(m) = -30*m - 39. Let a = 219 - 231. Calculate the remainder when x(a) is divided by 23.
22
Suppose -9*g = -24*g + 30. Suppose -4*m = -g*v + 6, -5*v + 33 = -3*m - 17. What is the remainder when 32 is divided by v?
6
Let y(x) = 11*x + 273. Let i(k) = k**3 - k**2 - 7*k - 23. Let g be i(0). Calculate the remainder when y(g) is divided by 11.
9
Let z(q) = -q**2 - 88*q + 3291. What is the remainder when 729 is divided by z(28)?
41
Suppose -15 = 2*h - 0*h + 5*s, 4*h + 3*s + 9 = 0. Suppose h = 6*z - 3*z - 495. Suppose 6*x + z - 663 = 0. Calculate the remainder when x is divided by 28.
27
Let r = -81 - -88. Suppose -v = -u - 2, -3*u + 0 + 14 = 2*v. Suppose -o + 31 - 12 = 2*p, 3*o - 17 = v*p. Calculate the remainder when o is divided by r.
4
Suppose d + 3*y - 156 = 0, d + 2*y = -3*d + 614. Let l be 6460/d + 2/(-9). What is the remainder when (l/(-5))/((-34)/85) is divided by 3?
0
Let h(j) = -5*j**3 - 102*j**2 - 41*j - 6. What is the remainder when 5443 is divided by h(-20)?
11
Let u(w) = w**3 - 7*w**2 + 8*w - 26. Let q be u(7). Calculate the remainder when 37 is divided by 7 - q/3 - -10.
2
Let r(z) = 14*z + 1203. What is the remainder when 2836 is divided by r(-74)?
164
Let l = 2367 - -1847. What is the remainder when l is divided by 31?
29
Suppose -2*q + 5*a = -254, -16*q + 121 = -15*q - 4*a. What is the remainder when 676 is divided by q?
128
Suppose 5434 - 686 + 5542 = 490*x. Calculate the remainder when 10938 is divided by x.
18
Suppose -1794 = -143*d + 9074. Let g be (-66)/(-4) + 2/(-4). Suppose -g = -4*k + 3*v + 30, 4*k - 42 = 5*v. Calculate the remainder when d is divided by k.
11
Let p(m) = -m**3 + 11*m**2 + 283*m - 108. Suppose 3*g = 35 + 88. Let y = g - 22. What is the remainder when p(23) is divided by y?
15
Suppose -8 = 2*n + 2*n, 5*u + 2*n = 91. Suppose -a + 62 = 4*b, 78*b - 81*b = -2*a + 113. Calculate the remainder when a is divided by u.
1
Suppose -80 = x - 6*x. Suppose -4*c - 4*c = -4*c. Suppose 0 = -2*f - f + 4*a, c = -4*f - 5*a + 31. Calculate the remainder when x is divided by f.
0
Suppose 4*r - 54 = -5*k, 5*r + 9 = 2*k - 6. What is the remainder when (-171)/(-12)*456/342 is divided by k?
9
Let w(a) = -229*a**2 + 8*a - 6. Let i be w(2). Let f be (i/20 - (-9)/(-45))*-2. Let c = -15 + f. What is the remainder when c is divided by 20?
16
Let t be ((-174)/(-8))/((-225)/(-300)). Let h = -151 - -310. Calculate the remainder when h is divided by 232/t*(